- (-60 + (136 - 34))?
-41
Calculate 16 - (8 - (18 + -4)) - 0.
22
14 + -14 - 40 - -36
-4
-1 + 90 + (-80 + 94 - (18 - -9))
76
Evaluate -2 - (-23 + 38 + (4 - (-5 - -1))).
-25
Evaluate -90 + 160 + (-64 - -54).
60
Calculate 30 - 25 - 14 - -72.
63
Calculate (0 + -30 - (538 - 645)) + 3.
80
Calculate 0 + 8 + 48 + -16 + -28 + (97 - 3).
106
What is the value of (5 + 11 - (-47 - -62)) + -5?
-4
0 + 43 - (4560 - 4522)
5
(-24 - 1) + -56 + (0 - -70)
-11
What is the value of (2 - 68) + (1 - -1) + (-6 - -6) + -13?
-77
Evaluate -37 - (-2 + -30 + 0 + 27).
-32
What is -32 + 36 + (-11 - -11) - 35?
-31
Evaluate -78 + 34 + 31 + -47.
-60
Calculate 18 + (-21 - (-21 + (-4 - (-48 - 21)))).
-47
Calculate 37 + -93 - (41 - -1 - 8).
-90
Evaluate -24 + (-30 + 14 - -17) + (0 - -4).
-19
-27 + 89 + ((6 - -2) + 10 + -9 - 17)
54
Calculate -69 + 58 + -6 + -41.
-58
Evaluate (-21 - (-44 + 117)) + -1 + -2 + -3.
-100
What is 3 - (0 + -6) - (1 - (21 - (2 + 8)))?
19
What is 9 + -23 + 12 - (-9 + 6 - -67)?
-66
Calculate -1 - 1 - (1725 + -1714 - (7 - (0 - 1))).
-5
What is 11 + -3 - (-8 + 37 - 30 - 108)?
117
(-25 - 11) + (2 - (-3 - -9))
-40
What is 22 + -9 + 17 + (-2 - -3) + -7?
24
13 - (-16 + (-19 - -53))
-5
Calculate 74 - 5 - (-21 + 34 + -1 + -6) - 2.
61
What is the value of 20 + -21 + (-2 - -89) + 74 + -79?
81
What is 50 + (-6 - (-1 + -9)) + -25?
29
Calculate (17 - (-1 - -3)) + -107 + 106.
14
Evaluate (-71 + -3 - -78) + -77.
-73
Evaluate (1 + -3 - 47) + (-73207 - -73282).
26
Evaluate 106 + (-87 - 57) - -17.
-21
What is (-6 - (8 + -8)) + 1 - -23?
18
6 + (-4 - 8) + (-6 - 1) - (-8 - -4)
-9
What is 0 - -7 - (3 + 1 + 11 + 67 + -68)?
-7
Calculate 49 + -8 + -38 - ((16 - -1) + 4).
-18
Calculate 81 + 30 + -89 - -21.
43
What is the value of -9 - (-5 + -12 + -3) - (0 + -9)?
20
-21 - (0 - (4 - 13)) - -1
-29
What is (-2136 + 2151 - (108 + (-2 - 0))) + -2?
-93
Evaluate 0 - (186 + -170 - (30 + -1)).
13
What is the value of (16 - -12) + -10 + -56?
-38
What is 42 + -3 + 4 + -5 - (-18 + 8)?
48
Calculate -1223 + 1138 + -3 + 48.
-40
(-90 - 0) + (4 - -8) + (11 - (26 + -6))
-87
Calculate (25 + -22 - -88) + -193.
-102
-3 + -1 + (7 - -4) + (9 + -26 - -3)
-7
What is 50 + (93 + -50 - 47)?
46
(0 - -7) + 233 + -257 - 33
-50
Evaluate (-77 - (-14 + -4)) + -2 + 5 + (23 - 28).
-61
What is -2 - 40 - (-29 + -20 + 63 + -27)?
-29
18 + 74 - 24 - (-1 - 7)
76
Evaluate (-291 - -167) + 161 - (0 - 60).
97
What is the value of 16 + -50 + (0 - (-5 + 1)) + 6?
-24
What is the value of 42 - (32 + 12 + -30)?
28
Calculate -22 + (15 - (-24 - -28)) + 17.
6
Calculate 115 + -91 - (10 + -10 + -9).
33
Calculate -10 - -31 - (37 - (0 - 1)).
-17
What is -11 - 3 - (13 + 8 + -15)?
-20
63 - (4 + 8 - -77)
-26
What is 37 + 0 - (1 - -5 - (-2 - (9 - 18)))?
38
What is the value of 23 + (-78 - (29 + -75))?
-9
What is the value of -9 + 2 + 9 + 12 + (28 - 1)?
41
What is the value of (35 - 6) + (50 - 95) + 12?
-4
Evaluate (108 + -34 + 4 - -20) + 7.
105
3 - -31 - -6 - (-4 + -8 - -3)
49
What is 26 + (9 - (-34 + 29)) - (-14 + 4)?
50
Evaluate (24 - 107) + (-16 - -2 - (45 + -48)).
-94
23 + -34 + -1 - -8
-4
What is 1 + -6 + 23 - (-48 + (13 - 6))?
59
Evaluate 4 + -37 + (79 - 57) + -53.
-64
What is -2572 + 2689 - (-24 + 1)?
140
Calculate -7 - (1 + (50 - 43 - (-1 - 2))).
-18
21 - 9 - (-79 + 74) - -103
120
What is the value of (-78 - -83) + -1 + 0 + 12?
16
Calculate -52 + 52 + (-96 - -198).
102
What is (-5 - (-5 + 18) - -17 - (3 + 1)) + 96?
91
What is the value of 14 + 0 + (10 + -138 - -125)?
11
-21 + 1 + 21 - -13 - -7
21
(4 - (2 - -13)) + (-2 - -12) + 10
9
Calculate -18 - (-44 - (-65 - -35)).
-4
What is 104 + -70 + -41 + 39?
32
(6 - ((119 - 99) + (0 - 8))) + (2 - 46)
-50
What is -14 - (38 + -39 + 29)?
-42
526 + -498 + (13 - 4)
37
2 + -2 + (-36 - (-2 - 18)) + -7
-23
What is the value of (-31 - 1) + (19 - 32) + (-24 + 8 - -35)?
-26
What is the value of (1 + -28 - (-112 - -74)) + (-3 - -10 - 2)?
16
(2 - 34) + (-237 - -227)
-42
2 - (3 - 3 - 3 - (261 + -161)) - 3
102
What is (0 - 3) + (41 + -58 - 16) + -8?
-44
What is (-45 - -68 - 76) + 123 - (0 - -14)?
56
Evaluate -53 + (73 - (-52 + 49)).
23
What is the value of 6 + 20 + 7 + 2 + -4 + 13?
44
(-1 - -12) + 1 - (8 + -19 + (38 - 18))
3
Evaluate (13 - 25 - -20 - 30) + 9.
-13
Calculate 1 - -13 - (-18 + 33) - (-3 - 68).
70
What is 0 + 22 + 1183 + -1237?
-32
What is -29 + 24 + -1 + 33 - -68?
95
What is the value of -33 + 106 + (71 - 16)?
128
(-49 - 0) + (18 + -2 - (75 - 70))
-38
2 + 26 - (83 - 81) - 57
-31
-71 + 96 + -109 + -31
-115
Evaluate -108 - (-3 + 5 - 2 - -13 - 5).
-116
What is the value of 13 - ((8 - 10) + 13) - (-2 + 44)?
-40
Calculate 133 - 98 - (-14 + 8).
41
Calculate -24 + 56 + -37 + (2 - 8) + -25.
-36
Calculate -21 - -14 - (-8 - (-5 - -5)) - 5.
-4
What is -6 + 8 + -7 - (63 + -7)?
-61
-15 + 4 + -53 + 22 + 17
-25
Evaluate -20837 - -20982 - (125 - -1).
19
Evaluate 12 - ((14 - (13 + -10) - 23) + 20) - -27.
31
77 + -63 + -13 + -43
-42
What is the value of 5 + (-8 - 2 - (-22 - 5 - 11))?
33
Evaluate 8 + -37 - ((6 - 1) + -8 - -13).
-39
-3 - (-1 + 45 + 100 + -113)
-34
Calculate (79 - (13 + 26)) + 27 + (10 - 3 - -2).
76
Calculate (-61 - (-116 + 65)) + (-2 + 0 - (-2 + 15)).
-25
(-34 + -1 - (-838 + 820)) + 49
32
Calculate -6 - 1 - (1 - -11 - (-967 + 942)).
-44
Evaluate -7 + -3 + 14 - -3 - (20 + -114 + 17).
84
What is the value of (-5 - (-5 + -6)) + 2 - (24 + 45)?
-61
Evaluate -41 + (-7 - (-7 + 11) - 0 - -5).
-47
What is 20 - 5 - (-24 + 15 + 13 + -23)?
34
-48 - ((74 - 15) + -44)
-63
What is -33 - (-51 + 57 - -29)?
-68
3 - 2 - -1 - 1 - (-2112 - -2187)
-74
-21 - (-16 + 5) - -12 - -40
42
What is the value of 44 + -4 + 7 + 2 + -8?
41
What is -56 + 50 + (4 - -3 - (8 + -3))?
-4
What is (2 + -13 - ((-39 - 45) + 76)) + (2 - 82)?
-83
What is the value of -10 + (11 - (-57 + 36))?
22
Calculate -38 - (-13 - -10 - (18 - (24 + -12))).
-29
Calculate -20 + (7 - -18) + -2 + -51.
-48
(17 - 4) + -18 + 15 + 20 + -111
-81
Calculate -15 - (-1 + -45 + 3).
28
What is the value of (-5 - -6 - 31 - -26) + (25 - 1)?
20
-55 - -6 - (-59 - (5 + 68))
83
What is -54 + (-7 + 92 - 46)?
-15
Evaluate 0 - -57 - (2 + 19 + -14).
50
Calculate (-47 - (-26 + -5)) + 9 - -2.
-5
Calculate -316 - -321 - ((-5 - -1) + 9 + -25).
25
Calculate (-42 + 53 - (1 + 0)) + 3 - 3.
10
18 + -5 - (34 + -23) - 13 - 86
-97
2 - (24 - ((-30 - -15) + 9) - (-1 - -7))
-22
-274 + 520 + -259 + (-45 + -2 - -2)
-58
What is the value of 0 + (6 - (-19 - -32))?
-7
Calculate -2 - -19 - ((62 - 4) + -71).
30
What is the value of 19 - (16 + 45 + -57)?
15
What is the value of (-2 - (-8 + 3 - 2)) + (-176 - -171)?
0
Evaluate 13 + (2 - 3) - (9447 - 9420).
-15
What is the value of 2 + 85 + (-22 - (14 + -45) - 15)?
81
Calculate -14 + 65 + -25 + -25 - (31 - (0 + -1)).
-31
What is the value of -66 + 42 + -23 - (3 + (-13 - 1))?
-36
What is the value of (-29 - (-7 - 32)) + (3 + -34 - 0)?
-21
Evaluate -104 + -2 + (4 - -19 - (2 - -8)).
-93
What is 3 + (11 - (8 + (10 - 9))) + 1?
6
-7 + 18 + (-42 - -30) + (-2 - -22)
19
What is the value of 19 + 19 + 3 + (-68 - (-59 + 43))?
-11
-26 + (-47 - (30 - 38 - 8))
-57
What is (2 - -4) + (-103 - -1 - (-125 - -112))?
-83
Evaluate -1 + 3 - -4 - (1769 + -1765).
2
What is (-27 - -30 - 25 - -38) + 23 + 2?
41
What is the value of -24 + 3 + (-121 - -120) - 10?
-32
What is (4 - 7) + 11 + (3 - (-6 + -3))?
20
Calculate (-58 - -1) + -2198 + 2250.
-5
Evaluate 21 - (10 - (21 - (18 - 14))).
28
Evaluate (25 - 3) + (-22 - 39 - 5) + 5 + -1.
-40
Calculate 59 - ((6 + 0 - 16) + 6) - 12.
51
Calculate 27 + (137 - (31 - -75)).
58
Evaluate -85 + 32 + -17 + (18 - (0 + 3)).
-55
What is the value of (3 - (-2 + -9)) + (26 - (104 + -1))?
-63
Evaluate -5 - (-2 - -4) - ((7 - (-15 - -9)) + 41).
-61
Calculate 2 + 0 - 26 - (-8 + -109).
93
What is the value of (2 - 11) + 101 + (55 - 97) + 6?
56
What is the value of (-2 - 1) + -3 + -6 + 22 + -20 - 24?
-34
Evaluate 33 + 1 - ((-3 - -7 - 4) + 399 + -390).
25
27 - 16 - 3 - (1 + (10 - 15))
12
-32 - ((14 - -1) + 21 + -27)
-41
Evaluate 43 + (36 - 148) - -14.
-55
Evaluate ((8 - 13) + -11 + 29 - (6 - -1)) + -31.
-25
Evaluate (-10 - 0) + 2 + 1117 + -1150.
-41
What is (-22 - -23) + (141 - 53 - (-1 + 15))?
75
What is the value of -22 + 45 + -35 - (-13 + -2)?
3
What is the value of -1 - (92 - 110) - 44?
-27
(3 - 3) + -4 + 14 + (-18 - -8)
0
(-2 - -16) + 2 + (-64 - (-40 + -66)